, 31
Let d(j) = 185*j + 39. What are the prime factors of d(2)?
409
Let j = -332 - -331. Let o = 5 - 9. What are the prime factors of (-417)/(-12) + j/o?
5, 7
Suppose -d - 8*d = -3060. List the prime factors of d.
2, 5, 17
Suppose 4*s + 6*r = 8618, -3*s + 3*r - r + 6431 = 0. What are the prime factors of s?
19, 113
Suppose 75*r - 1521 = 74*r. Suppose 10*t - 1519 - r = 0. What are the prime factors of t?
2, 19
Suppose 0 = -q + 71 + 47. Let y = q - 51. List the prime factors of y.
67
Suppose 18*w - 592 = 16*w. What are the prime factors of w?
2, 37
Suppose p = -q - 13, -q + 0*q = 5*p + 29. Suppose -3*w + 5 = -2*z, 8*z - 5*z + 6 = 3*w. Let j = w - q. What are the prime factors of j?
2, 5
Let p(s) = -127*s. Let t be p(3). Let z = t - -650. What are the prime factors of z?
269
Let u(l) = -20*l - 42. Let h(o) be the first derivative of 13*o**2/2 + 28*o - 3. Let t(c) = -8*h(c) - 5*u(c). What are the prime factors of t(-6)?
2, 5
Let x(u) = u**2 - 4*u - 7. Suppose -5*k + k - 40 = 0. Let l = -3 - k. What are the prime factors of x(l)?
2, 7
Let j = -2378 + 5302. List the prime factors of j.
2, 17, 43
Let y = -8 - -4. Let g be (-4*1)/y + 3. Suppose -4*k + 4*t = -0*k - 124, -g*k = -3*t - 124. List the prime factors of k.
31
Let g be -18 + 7/((-7)/4). Let q = g + 21. What are the prime factors of (1 - q - -1) + 8?
11
Suppose 4*c + 14 = -6. Let w be c/(10/(-6)) + -1. Suppose 3*d + 2*d + w*p = 166, -2*d - p = -67. What are the prime factors of d?
2
Suppose 3*z - 242 - 268 = 0. List the prime factors of z.
2, 5, 17
Let c(s) = 48*s + 12. Let b = -47 - -49. List the prime factors of c(b).
2, 3
Let w(l) = l**2 + 2*l - 3. Let q be w(-5). Let t = 106 + q. Let g = t - 83. List the prime factors of g.
5, 7
Suppose 3*l = -4*n - 0*l + 120, 0 = 3*l - 12. Let c = 39 - n. List the prime factors of c.
2, 3
Let x(c) = 11*c**2 - 5*c + 2. Let g(m) = -m - 6. Let y be g(-8). Let s be x(y). List the prime factors of 3/4 - (-1629)/s.
2, 23
Let g = -2644 + 4590. What are the prime factors of g?
2, 7, 139
Suppose -52*m - 2*o - 6547 = -55*m, -2*m = -4*o - 4378. What are the prime factors of m?
2179
Let w(r) = 14*r + 11. Let d be w(-4). Let c be (18/d)/(2/(-20)). List the prime factors of (-410)/(-15)*6/c.
41
Suppose 8769 = 18*b - 48327. What are the prime factors of b?
2, 13, 61
Let r be 2/(-6)*-3 - 4. Let a be -3 - r - (2 - 7). Suppose 28 = -a*o + 133. List the prime factors of o.
3, 7
Let q(s) = -68*s - 342. What are the prime factors of q(-6)?
2, 3, 11
Let p(w) = 249*w**2 + 30*w - 14. What are the prime factors of p(3)?
7, 331
List the prime factors of 9746/(-33)*(-18)/3.
2, 443
Let s = -13 - -18. Let i(c) = -c**3 + 6*c**2 + 2*c + 7. Let a be i(s). List the prime factors of (-1 - a)*(8 + -9).
43
Let r = 820 - 47. List the prime factors of r.
773
Suppose 3158 = 29*z - 101880. What are the prime factors of z?
2, 1811
Let w be (3 - 4)/((-7)/3 - -2). Suppose -276 = -2*h - b, -3*h + b = w*b - 412. List the prime factors of h.
2, 5, 7
Suppose s + y - 181 = -4*y, 0 = -2*s - 2*y + 378. Let t = s - 30. What are the prime factors of t?
7, 23
Suppose 0*p = -p - 1. Let c(v) = 124*v**2 + 2*v + 3. List the prime factors of c(p).
5
Let a = -91 + 53. Let w = a - -89. List the prime factors of w.
3, 17
Let p = -2 + 10. Suppose 0 = 2*h - 2*c - 8, 4*c - p + 3 = -3*h. Suppose 93 = 3*o - h. What are the prime factors of o?
2
What are the prime factors of 139/(10/(-18)*(-51)/85)?
3, 139
Let v = 424 - -1181. What are the prime factors of v?
3, 5, 107
Let j(n) = n**3 + 5*n**2 + 6. Let b be j(-5). Suppose -b*a + 176 = -2*a. Suppose -r = -3*r + a. List the prime factors of r.
2, 11
Suppose -5*t = z + 31, 1 = -3*z - 2. Let h(i) = -i**2 + 5*i - 36. Let m(k) = k**2 - 6*k + 36. Let o(b) = t*m(b) - 7*h(b). List the prime factors of o(0).
2, 3
Suppose 0 = -2*o - 10, -2*t + 2*o = o - 7. What are the prime factors of 2/t*((-63)/(-2) - 1)?
61
Suppose 3*h - 8*h - 2*j - 2085 = 0, 834 = -2*h - 5*j. Let a(k) = 14*k - 7. Let c be a(3). What are the prime factors of h/(-21) - (-5)/c?
2, 5
Let b(y) = -4*y - 2. Let j be b(-6). Let k be 7/(-70) + (-78)/20 + 11. Suppose j = z - 5*w, -k*z + 3*w + 110 = -2*z. What are the prime factors of z?
2, 11
Let l = -12 - -3. List the prime factors of l/6*(-120)/3.
2, 3, 5
Suppose -5*m + 2974 = 864. List the prime factors of m.
2, 211
Let c = 34 + -31. Suppose 2 = -c*m + 5, 73 = g - 3*m. List the prime factors of g.
2, 19
Let u(t) = t**3 - t**2. Let w be u(2). Suppose l - w*l + 12 = 0. Suppose 9*v + m - 104 = l*v, -v - m = -20. List the prime factors of v.
3, 7
Let n(a) = 5*a**3 + 4*a**2 - 3*a + 10. What are the prime factors of n(4)?
2, 191
Suppose -2*g - 4*a = -2*a - 16, -9 = -3*g + 2*a. Suppose 3*p = -g*y + 7, -p = -5*p - y + 15. Suppose p*o = o + 6. List the prime factors of o.
2
Let u(a) = a**2 + 6*a + 48. What are the prime factors of u(10)?
2, 13
Let t = -10 + 12. Let s = 7 + -5. Suppose 3*q - s = t*q. What are the prime factors of q?
2
Let i(v) = -35*v**3 + 3*v. Suppose 2*w + 4*w = -12. Let n(r) = -105*r**3 - r**2 + 9*r - 1. Let b(z) = w*n(z) + 7*i(z). What are the prime factors of b(-1)?
2, 3
Let o(b) = -60*b - 228. List the prime factors of o(-19).
2, 3, 19
Let c(d) = 5*d**2 + 6*d - 3. Let o(v) = -v**3 - 2*v**2 + 4*v + 6. Let k be o(-3). Suppose k*f + 6 = 6*f. What are the prime factors of c(f)?
29
Let p(t) = -3*t. Let g be p(0). Suppose -2*w + j - 3*j + 2 = 0, 4*j = -w + 4. Suppose w = 2*b - 4 - g. What are the prime factors of b?
2
Let a(n) = n - 17. Let b be a(15). What are the prime factors of (-10)/(-2) + (-324)/b?
167
Let t(x) = -x - 3. Let a be t(-7). Let z be a/10 + 193/5. List the prime factors of (-230)/(-3) - 26/z.
2, 19
What are the prime factors of (-4 + 95)*5 + 5 - 4?
2, 3, 19
Let q = -1398 - -3328. What are the prime factors of q?
2, 5, 193
Suppose 3*w = 9, -2*o - 8*w = -4*w - 1464. List the prime factors of o.
2, 3, 11
Suppose g + g = -2. Suppose -6*b - 16 = -5*b. Let f = g - b. List the prime factors of f.
3, 5
What are the prime factors of (18/36)/(2/936)?
2, 3, 13
Let b be (-200)/6*1*12/(-8). Suppose -1 + 46 = 3*g. Let d = b + g. What are the prime factors of d?
5, 13
Let a = -7 + 15. Suppose -a*d + 0*d + 1632 = 0. What are the prime factors of d?
2, 3, 17
Suppose 0 = -f, -z + 7 - 5 = 4*f. Suppose -3*c + 26 = -2*i - 4, z*i = -6. What are the prime factors of c?
2
Let h = 3278 + -2258. What are the prime factors of h?
2, 3, 5, 17
Let k(r) = -r**3 - 14*r - 6. Let s be k(-6). Suppose -2*w = -3*z - 221, 4*w - s = 2*z + 128. List the prime factors of w.
103
Let f = 623 - 56. List the prime factors of f.
3, 7
Let c(k) = -k**3 - 4*k**2 + 3*k - 7. Let u(t) = 2 + 6*t**2 - 7*t + 3 - t**3 + 2 - 2. Let s be u(5). List the prime factors of c(s).
3
Let y(s) = -s**2 + 7*s - 6. Let n be y(5). Suppose -4 = -n*c, 0 = -m + 5*c - 4 - 24. Let x = 51 + m. List the prime factors of x.
2, 7
Suppose 0 = -5*c + 3*h + 671, -4*c + 5*h = 7*h - 550. What are the prime factors of c?
2, 17
Let u(i) = 21*i**2 - 6*i + 1. What are the prime factors of u(-4)?
19
Let h = -39 + 41. Suppose 2*q + h*q - 4*g = 852, -5*q - 5*g = -1055. What are the prime factors of q?
2, 53
List the prime factors of (-2)/17 - ((-384741)/119 - 0).
53, 61
Suppose 23 = 6*f - 37. Suppose 2*d - o - 7 = -d, 4*d - f = o. Suppose -8*t - 123 = -d*k - 3*t, 2*k - 60 = -4*t. What are the prime factors of k?
2, 3
Suppose -5*t + 114*o = 119*o - 8265, 4935 = 3*t - 5*o. What are the prime factors of t?
2, 3, 5, 11
Let x(i) = -19*i + 36. What are the prime factors of x(-4)?
2, 7
Suppose -106*p + 102*p = -2456. List the prime factors of p.
2, 307
Suppose s = -s - 4*l, 3*l + 25 = s. Suppose -6*a + s = -218. What are the prime factors of a?
2, 19
Let b = -19 - -21. Suppose b*r = 5*u - 570, -u + 121 = -0*r + r. List the prime factors of u.
2, 29
Let u(z) = -z**3 + 5*z**2 + 7*z - 2. Let y be u(6). Suppose y*m - 156 = -6*j + j, 3*j - m - 80 = 0. List the prime factors of j.
2, 7
Suppose -5*o + 24 = 2*j - 3*o, 0 = -4*j - 2*o + 48. Let u = j - -18. Let c = u + 9. List the prime factors of c.
3, 13
Let l(c) = 10*c**2 + 3*c - 24. List the prime factors of l(6).
2, 3, 59
Let t(n) = n**3 - 3*n**2 + 2*n - 3. Let s be t(3). Suppose -b + 372 = s*b. Suppose -4*z - f + b - 24 = 0, -f = -5*z + 84. List the prime factors of z.
17
List the prime f